= -5*g + x, -b - 4*g = -6*b + 710. Does 16 divide b?
False
Let f be 6*(16/4 + 6/(-2)). Suppose f*r + 0*r = 54. Does 9 divide r?
True
Let n be 0/(0 - (-4)/4). Is 33 + -5 + n - 3 a multiple of 25?
True
Let s(b) = -104*b + 30. Is 50 a factor of s(-5)?
True
Let p be (11/(-3))/((-3)/45). Let s = -7 + p. Is 16 a factor of s?
True
Let n(z) = -z + 3. Let x be n(3). Suppose -3*q - 2*o + 178 = x, q - 51 - 10 = -o. Suppose 2*u + q = 6*u + 4*m, 5*u = -2*m + 67. Is u a multiple of 13?
True
Let i = -618 - -2774. Is 44 a factor of i?
True
Suppose 6*k = -2*k - 592. Is 6 a factor of (k/4)/(24/(-48))?
False
Let s(q) = -4*q**3 + 4*q**2 + 11*q + 26. Does 29 divide s(-4)?
False
Let f be (-429)/(-12) + 2/8. Suppose f = 13*x - 17*x. Does 10 divide (33/x)/((-4)/12)?
False
Let q be (-144)/(-60) + -3 + (-54)/(-15). Suppose 2*x + 2*x = -3*k + 32, 0 = -5*x - k + 29. Suppose -q = x*d - 58. Does 3 divide d?
False
Suppose -3*q + 5*f + 16 = 0, f + 2*f + 15 = 0. Suppose 56 = -4*w - 4*y, 3*y + 1 + 11 = 0. Is 5 a factor of w*(4 - (q + 11))?
True
Suppose 5*r - 4*t + 2*t = 440, 0 = -4*r - t + 365. Suppose -5*w + r = i, -3*w - 310 = 3*i - 8*i. Is 13 a factor of i?
True
Let i = 14 + -11. Suppose h - 4 = 5*w, 0 = -0*h - i*h + 2*w + 51. Is 6 a factor of h?
False
Suppose 13*b - 24*b = -2354. Is 10 a factor of b?
False
Let b(o) = o**2 + o. Let a be b(-3). Let s(k) = k**2 - 6*k - 12. Let m be s(a). Let h = m + 35. Does 23 divide h?
True
Let z be 78/9 + (-3 - (-35)/15). Let a(b) = 3*b + 10. Is a(z) a multiple of 17?
True
Suppose 0 = 4*r - 5*c + c - 2812, 4*r + c - 2812 = 0. Suppose 0*x - 4*x + 699 = o, 0 = 4*x - 3*o - r. Is x a multiple of 16?
False
Suppose 8*k = 9*k - 2. Suppose -2*d = y + 3*y - 50, -d + 29 = y. Suppose -k*g = -g - d. Is 10 a factor of g?
False
Let l be (-6)/(-24) + (-135)/12. Let p = -7 - l. Is (-70)/p*(-24)/20 a multiple of 4?
False
Suppose 5*r + 1077 = 3887. Is 59 a factor of r?
False
Let o = 2885 + -1933. Is o a multiple of 17?
True
Suppose 0 = -q - 19 - 76. Let o = -38 - q. Is 18 a factor of o?
False
Suppose -27 - 72 = 11*c. Does 12 divide (12/c - -1)*-36?
True
Suppose -2*z = 4*w - 10, -3*w + 5*z + 0 + 1 = 0. Suppose 5*k + 0*k = w*i - 159, 0 = 4*k + 20. Let m = -35 + i. Is m a multiple of 15?
False
Suppose -4*i = -h + 226, -2*h = 2*i + 2*i + 232. Let w be 7 + 4 + 2 + -139. Let n = i - w. Does 23 divide n?
True
Let z(j) = -22*j**2 - 10. Let d be z(3). Let r = d - -372. Is r a multiple of 40?
False
Let i be 3/(-9) - (-1 - (-4)/6). Suppose -7 = -m - i. Does 3 divide m?
False
Let b = -4 - -17. Let w = b - 23. Let y(a) = -3*a + 5. Is y(w) a multiple of 27?
False
Let m(t) = t**3 - t - 2. Suppose -3*k + 21 = -3*x, -5*x - 9 - 18 = -k. Let q be m(k). Does 17 divide ((-24)/q)/2 + 42?
False
Suppose 10 = -7*s + 3. Does 14 divide -1*3 + s + (83 - -5)?
True
Suppose 0 = -3*d + 4*y - 1874, -3*y - 2*y = 5*d + 3065. Does 19 divide (2/((-8)/(-6)))/((-9)/d)?
False
Suppose 6*y - 76 - 92 = 0. Is 14 a factor of y?
True
Let s be ((-812)/(-35))/((-2)/10). Is (2/1)/((-8)/s) a multiple of 23?
False
Does 77 divide (-203)/(13/1001*-7)?
True
Let t = 12 - 10. Suppose -25 = -t*r + 23. Is r a multiple of 8?
True
Suppose -3*k + 3086 = 5*j - 752, -2*j = 2*k - 2552. Is 31 a factor of k?
True
Does 25 divide 2*120 + 1 + (-21 - -22)?
False
Let d = -918 + 1533. Is d a multiple of 65?
False
Let p = -21 + 25. Let l(v) = -v + 6 - p*v + v. Is 5 a factor of l(-4)?
False
Let l be 0 + 4 + (8 - 4). Suppose 0 = l*s - 10*s + 140. Is s a multiple of 23?
False
Suppose -7 = -2*h - 3. Suppose -2*m - h = -8. Suppose -5*i + m*w = -67, -i - 4*w - 27 = -2*i. Is i a multiple of 2?
False
Suppose 4*l + 304 = 2*p, 8*l = 3*p + 3*l - 453. Let c = p + -59. Does 8 divide c?
False
Let h(o) = -79*o - 246. Is h(-4) a multiple of 10?
True
Let u = 66 + -46. Suppose 2*m = 4*f + 16, m + 3*m = 4*f + u. Suppose -55 = m*y - 225. Does 17 divide y?
True
Suppose 2*n + 7 = 15. Let f(q) = 6*q + 7. Is 7 a factor of f(n)?
False
Let t be (192/(-28))/(2/(-21)). Suppose -2*r + 56 + t = 0. Is 8 a factor of r?
True
Suppose -2*d + 3 = 4*m - 1, -18 = -4*m + 5*d. Suppose n = -4*b + 2, 98*n = 2*b + 100*n + 2. Is 23 a factor of ((-414)/(-9))/(b/m)?
True
Let q be 23 + (3/(-5))/(7/35). Is 13 a factor of (4/2)/(q/430)?
False
Let u = 4071 + -2743. Does 17 divide u?
False
Let y = 663 - 507. Does 22 divide y?
False
Let d(t) = t**2 - 12*t + 5. Let l be d(12). Suppose -h - y + 1 = 0, -2 = h + l*y + 5. Suppose -c = h*p + 3*c - 389, -2*c - 657 = -5*p. Is p a multiple of 29?
False
Suppose -4*k - 3*v + 16731 = 0, 11*k - 8*k + 4*v = 12550. Is k a multiple of 40?
False
Let u be (-290)/22 + (-12)/(-66). Let n = 62 + u. Is 9 a factor of n?
False
Does 21 divide 6 + (-12 - (-97 + 7))?
True
Suppose -3*k = -7*k. Suppose k = -s - 321 + 431. Does 11 divide s?
True
Let y = 13 - 17. Let j be ((-192)/(-40))/(y/(-10)). Is 13 a factor of (j/18)/((-6)/(-351))?
True
Suppose 2*s = 2*b - 92, -2*s = -2*b - 6*s + 116. Let l be (-3)/(-15) + 18/10 - -2. Suppose k + b = l*m - 195, 5*m - 275 = -5*k. Does 20 divide m?
True
Suppose 3*t + p = -t + 8, 4 = -4*t - 4*p. Suppose 0 = r - 3*o - 215, -4*o = -t*r + 693 - 38. Is 22 a factor of r?
False
Let z(f) = -f**3 - 5*f**2 - 6*f - 6. Let b be z(-4). Let w = b - -26. Is 7 a factor of w?
True
Suppose -4*b - 2*u = -1162, -b + 3*u = 8*u - 313. Is b a multiple of 36?
True
Suppose 3*c + y - 616 = 0, 4*y = 4*c - 209 - 639. Does 23 divide c?
True
Suppose -5*c = -12*c + 917. Let f = -35 + c. Is 16 a factor of f?
True
Suppose -j + 123 = 6*i - i, 18 = i - 2*j. Let p = i - 13. Does 9 divide p?
False
Suppose -2*w - 5*f + 25 = -3, 2*w = -f + 12. Suppose -3*k + 12 = t - k, t + w*k - 18 = 0. Is t a multiple of 6?
True
Suppose 261 = -6*m - 315. Is 10 a factor of (-1)/((-2)/4) + m/(-12)?
True
Let w = 483 + -303. Is w a multiple of 18?
True
Let w = -54 + 50. Let d = 12 - 26. Is 14 a factor of (0 + w)*d*1?
True
Suppose 3*x + 3*d - 255 = 0, 5 + 0 = -d. Is x a multiple of 45?
True
Suppose 5*v + 10*l = 7*l + 444, -4*l - 278 = -3*v. Is 5 a factor of v?
True
Let i = -135 + 63. Let h = i - -137. Is 10 a factor of h?
False
Let t(z) be the third derivative of 59*z**5/60 - z**4/12 + z**3/3 - 2*z**2. Is t(1) a multiple of 11?
False
Let v be 3/(-2*3/4). Let f(c) = -58*c + 4. Is 12 a factor of f(v)?
True
Let r(f) = 115 - 235 - f + f**2 + 104. Does 8 divide r(7)?
False
Let m(k) = 7*k**2 + 1. Let n be m(1). Suppose -5*o - a + 78 = 22, -o = a - n. Does 7 divide o?
False
Let u = -520 - -1272. Is 10 a factor of u?
False
Let z(i) = i**2 + 7*i + 9. Suppose -v - 9 = -3. Let l be z(v). Suppose -31 = l*u - 115. Is u a multiple of 5?
False
Is 490 - 5/((-35)/(-42)) a multiple of 40?
False
Let f = 1005 - 398. Does 76 divide f?
False
Suppose -6*z - 15 = -z. Let p = z + 6. Suppose 4*k - 32 = -p*x + 224, k = 4. Is 16 a factor of x?
True
Does 79 divide 2877/7 - (-42)/(-6)?
False
Is 8 a factor of 16870/175 + (-2)/5?
True
Let c(p) = -58*p + 3. Let j(u) = -174*u + 9. Let l(z) = -7*c(z) + 2*j(z). Is 11 a factor of l(1)?
True
Let b(u) = -2*u**2 - 14*u - 10. Let h be b(-12). Let k = h - -257. Does 12 divide k?
False
Let z be ((-18)/(-4))/((-117)/(-58) - 2). Suppose 0 = -f - 3*b + 67, -3*b = 2*f - 5*f + z. Does 12 divide f?
False
Suppose 52*n - 56*n + 316 = 0. Suppose 6*h = 587 + n. Is h a multiple of 42?
False
Suppose l + 3*q + 12 = 0, -4*l + 8*l - 3*q - 12 = 0. Let m(v) = -v**2 + v - 59. Let r be m(l). Is 12 a factor of (-3)/(-6) - r/2?
False
Suppose -2*h + 40 = -3*a, 2*a - h = -6*h + 5. Let r(o) = -o**2 - 14*o - 10. Is r(a) a multiple of 11?
False
Let p = -38 - -17. Let o = p + 12. Let n = -5 - o. Is n a multiple of 4?
True
Let f(w) be the third derivative of -w**7/1260 + w**6/48 + w**5/30 + 11*w**2. Let s(q) be the third derivative of f(q). Does 14 divide s(-7)?
False
Suppose 3*d = -4*i + d + 16, -4*i + 4 = -4*d. Suppose 0 = r - 2*c + 18 - 68, -47 = -r + i*c. Does 14 divide r?
True
Let h(s) = 16*s + 404. Is 27 a factor of h(22)?
True
Let n = -32 - -161. Is n + -1 + 16 + -17 a multiple of 26?
False
Suppose -3*c = -4*c + 10. Suppose 4*v = -46 - c. Is v/3*9/(-6) a multiple of 7?
True
Suppose -2*k + 8 = 2*k. Suppose 0*t + t = k. Suppose 3*w = -12, t*a - a - 3 = -4*w. Is a a multiple of 19?
True
Let z(s) = 261*s - 36. Does 83 divide z(3)?
True
Suppose -2*u = -10, -7*i + 4*i - 2*u - 2 = 0. Is (3 + -27)